{"id":2,"date":"2018-11-04T13:00:21","date_gmt":"2018-11-04T12:00:21","guid":{"rendered":"http:\/\/weismann-kahl.de\/?page_id=2"},"modified":"2018-11-04T21:29:29","modified_gmt":"2018-11-04T20:29:29","slug":"sample-page","status":"publish","type":"page","link":"https:\/\/weismann-kahl.de\/?page_id=2","title":{"rendered":"Heidrun Weismann-Kahl"},"content":{"rendered":"<h6>Heidrun Weismann-Kahl<\/h6>\n<h6>Alte Schmiede Kleinolbersdorf<\/h6>\n<h6>09128 Chemnitz<\/h6>\n<h6>Tel. 0371<span class=\"Apple-converted-space\">\u00a0 <\/span>77 20 85\u00a0oder 0170<span class=\"Apple-converted-space\">\u00a0 <\/span>23 13 278<\/h6>\n<h6>Fax<span class=\"Apple-converted-space\">\u00a0 <\/span>0371<span class=\"Apple-converted-space\">\u00a0 <\/span>77 133 13<\/h6>\n<h6>H_W_K@t-online.de<\/h6>\n<h6>www.weismann-kahl.de<\/h6>\n<p>&nbsp;<\/p>\n<p>Mitglied im Bundesverband bildender K\u00fcnstlerinnen und K\u00fcnstler,<span class=\"Apple-converted-space\">\u00a0<\/span>im S\u00e4chsischen K\u00fcnstlerbund, im Chemnitzer K\u00fcnstlerbund e. V.<span class=\"Apple-converted-space\">\u00a0<\/span><\/p>\n<p>Studium in Hamburg, Schwerpunkt: Kost\u00fcmentwurf f\u00fcr die B\u00fchne,<span class=\"Apple-converted-space\">\u00a0<\/span><\/p>\n<p>Arbeit als Kost\u00fcmbildnerin.<br \/>\nVon 1985 bis 2018 Ausstellungen<span class=\"Apple-converted-space\">\u00a0<\/span>und Ausstellungsbeteiligungen \u2013 auch mehrfach \u2013<span class=\"Apple-converted-space\">\u00a0 <\/span>im In- und Ausland, darunter in Stuttgart, Konstanz, Hamburg, Saarbr\u00fccken,<span class=\"Apple-converted-space\">\u00a0<\/span>Chemnitz, Dresden, D\u00fcsseldorf, Cancun\/Mexiko, Munster<span class=\"Apple-converted-space\">\u00a0<\/span>\u201eGlasplastik und Garten\u201c, D\u00e4nemark, Idar-Oberstein, Holland<b><span class=\"Apple-converted-space\">\u00a0<\/span><\/b>\u201eGlasrijk Tubbergen\u201c, Schloss Gereuth, Symposium \u201eMarianne<span class=\"Apple-converted-space\">\u00a0<\/span>Brandt \u2013 Ann\u00e4herungen in Metall\u201c, Chemnitz, Wasserschloss\u00a0Klaffenbach, Herbstsalon Schloss Augustusburg. Gro\u00dfe\u00a0S\u00e4chsische Kunsausstellung \u201eDas neue Jahrhunert\u201c (Leipzig),\u00a0\u201eTraumwesen am Br\u00fchl\u201c, <span class=\"Apple-converted-space\">\u00a0 <\/span>\u201eFahnen \u00fcber Chemnitz\u201c, Schloss\u00a0Reinbek (Hamburg), <span class=\"Apple-converted-space\">\u00a0 <\/span>\u201eK\u00f6pfe\u201c,<span class=\"Apple-converted-space\">\u00a0 <\/span>\u201eLinie\u201c<span class=\"Apple-converted-space\">\u00a0 <\/span>(K\u00fcnstlerbund Chemnitz).<\/p>\n","protected":false},"excerpt":{"rendered":"<p>Heidrun Weismann-Kahl Alte Schmiede Kleinolbersdorf 09128 Chemnitz Tel. 0371\u00a0 77 20 85\u00a0oder 0170\u00a0 23 13 278 Fax\u00a0 0371\u00a0 77 133 13 H_W_K@t-online.de www.weismann-kahl.de &nbsp; Mitglied im Bundesverband bildender K\u00fcnstlerinnen und K\u00fcnstler,\u00a0im S\u00e4chsischen K\u00fcnstlerbund, im Chemnitzer K\u00fcnstlerbund e. V.\u00a0 Studium in Hamburg, Schwerpunkt: Kost\u00fcmentwurf f\u00fcr die B\u00fchne,\u00a0 Arbeit als Kost\u00fcmbildnerin. Von 1985 bis 2018 Ausstellungen\u00a0und Ausstellungsbeteiligungen [&hellip;]<\/p>\n","protected":false},"author":1,"featured_media":0,"parent":0,"menu_order":0,"comment_status":"closed","ping_status":"closed","template":"","meta":[],"_links":{"self":[{"href":"https:\/\/weismann-kahl.de\/index.php?rest_route=\/wp\/v2\/pages\/2"}],"collection":[{"href":"https:\/\/weismann-kahl.de\/index.php?rest_route=\/wp\/v2\/pages"}],"about":[{"href":"https:\/\/weismann-kahl.de\/index.php?rest_route=\/wp\/v2\/types\/page"}],"author":[{"embeddable":true,"href":"https:\/\/weismann-kahl.de\/index.php?rest_route=\/wp\/v2\/users\/1"}],"replies":[{"embeddable":true,"href":"https:\/\/weismann-kahl.de\/index.php?rest_route=%2Fwp%2Fv2%2Fcomments&post=2"}],"version-history":[{"count":14,"href":"https:\/\/weismann-kahl.de\/index.php?rest_route=\/wp\/v2\/pages\/2\/revisions"}],"predecessor-version":[{"id":246,"href":"https:\/\/weismann-kahl.de\/index.php?rest_route=\/wp\/v2\/pages\/2\/revisions\/246"}],"wp:attachment":[{"href":"https:\/\/weismann-kahl.de\/index.php?rest_route=%2Fwp%2Fv2%2Fmedia&parent=2"}],"curies":[{"name":"wp","href":"https:\/\/api.w.org\/{rel}","templated":true}]}}